/m) composite?
False
Suppose 0 + 8 = 4*s. Let q(a) = -17*a**2 + 19*a**2 + 8 + 82*a**2 + 2 - 7*a - 3. Is q(s) a composite number?
True
Let y = -46924 + 92157. Is y composite?
False
Let d = -28 + 414. Let l = 1173 - d. Is l prime?
True
Suppose -v = -5*l + 183580, 5*v = 9*l - 14*l + 183550. Suppose 17*u = 12*u + l. Is u composite?
True
Let y(j) = 899*j + 113. Let s(l) = 898*l + 111. Let h(i) = -3*s(i) + 2*y(i). Is h(-5) composite?
False
Suppose 0*q + p = 3*q - 52, -2*q + 36 = -2*p. Suppose 5*a - 10860 = -5*h, 4*h - 15*a + q*a = 8698. Is h a composite number?
True
Suppose -2*y + 3*q - 2 = 0, 2*y - q + 14 = 4*y. Suppose -2*f + p - 182 = -0*p, -4*p + 452 = -y*f. Is (-25 + 2)*f/4 a composite number?
True
Suppose 15*t - 1109350 - 141005 = 0. Let w = t - 57736. Is w prime?
True
Let h = -1567922 + 2276359. Is h composite?
False
Suppose 47375 - 733 = 2*d. Is d a composite number?
False
Let w(q) = -729*q - 110. Let l(j) = -364*j - 54. Let o(x) = 5*l(x) - 3*w(x). Is o(11) composite?
True
Let z(m) = -28 + 42 + 8260*m - 11. Is z(1) prime?
True
Let s(o) = 3*o**2 + 15. Let z be s(13). Suppose 4*h = -g + 2113, h + 0*g - g - z = 0. Is h prime?
False
Let r(z) = -7*z - 57. Let u be r(-8). Let g be (u - (-6)/4)/((-29)/6206). Let k = -40 - g. Is k a composite number?
False
Suppose 0 = -f - w - 2, 2*f + 21 - 29 = w. Let z(h) = 361*h**3 + 6*h**2 - 5*h - 3. Is z(f) composite?
True
Let p = -22033 + 60430. Is p prime?
False
Let w be (3 - 1)*(-3)/((-9)/(-51)). Let u = w + 36. Suppose -u*o - 212 = -6*o. Is o a composite number?
False
Let f = 258 - 238. Is ((-4)/(f/(-15)))/(1/1361) prime?
False
Suppose -10*x + 21 = -3*x. Suppose -x*c = -r + 167, -5*r - 2*c = c - 799. Is r a prime number?
False
Suppose -3*q - 4*k + 27 = -k, 4*k - 8 = 3*q. Suppose -4*x = l - 9*x - 2607, q*l = 5*x + 10368. Is l a composite number?
True
Suppose -4*i + 5*t = 28 + 20, 2*i - 3*t = -24. Let m be (i/(-21))/((-2)/(-14)). Suppose 3*p + y - 1341 = m*y, -p - 4*y + 457 = 0. Is p a prime number?
True
Let w = 108440 + -69361. Is w a prime number?
True
Suppose 170850 = -137*i + 1204325 + 548738. Is i composite?
False
Suppose 183*w + 1576220 = 203*w. Is w prime?
False
Suppose 12*c - 1103 = 1633. Suppose 0 = x + c - 1081. Is x a composite number?
False
Let i(o) = 5 + 62*o + 2*o + 39*o. Let l(b) = -b**3 - 16*b**2 - 60*b + 2. Let h be l(-6). Is i(h) a prime number?
True
Let q = -7074 - -39241. Is q a composite number?
True
Is -72*(-12130)/4 - (-85)/17 prime?
False
Let n(p) = -2*p**2 - 25*p - 29. Let d be n(-11). Suppose -5*q - 2 = -d*i + 3, 4*q - 12 = 0. Suppose -i*x + u + 2417 = 944, -2*u = 2*x - 594. Is x prime?
False
Suppose -15136 = -0*l - 11*l. Suppose 4*q - l = -2*g, 2*g = -6 - 2. Let d = -183 + q. Is d prime?
True
Suppose 24*s - 1520933 - 467539 = 0. Is s a composite number?
True
Let s = 350320 + -127815. Is s a composite number?
True
Let h = -6636 - -7475. Is h a prime number?
True
Let y(g) = 20*g**2 + 264*g + 2622. Is y(-10) prime?
False
Let a(q) be the second derivative of q**2 + 0 + 1/6*q**3 + 29*q + 113/2*q**4. Is a(-1) a composite number?
True
Suppose 170 - 56 = 6*l. Let p(f) = f**3 - 16*f**2 - 28*f - 42. Is p(l) a prime number?
True
Let h(s) be the second derivative of 63*s**5/10 + s**3/6 - 122*s. Suppose 0 = 4*l - 5*z + 4*z - 6, -5*z - 11 = -l. Is h(l) composite?
False
Suppose 2703 = 6*f - 195. Let p = f + 2330. Is p composite?
True
Suppose -5*i + 38467 = -4*m - 132476, 2*m = 3*i - 102565. Is i a prime number?
False
Suppose -4*o = 3*y - 204, -3*y = -5*o + 57 + 171. Let x be o/18*(42/(-8) - -3). Is x/(919/307 + -3) a composite number?
True
Is 2547905/15*(12 + -3 + 6) a composite number?
True
Let s = -331 - -325. Let p(g) = 67*g**2 + 7*g + 41. Is p(s) composite?
False
Let d = -22 - -26. Let y(m) = -9*m + 118*m - d - 52*m + 160*m. Is y(9) a composite number?
False
Suppose 6*b - 30*b - 23568 = 0. Let w = b + 2619. Is w a prime number?
True
Let y(f) = -f**3 + 31*f**2 + 67*f - 33. Let i be y(33). Let k(l) = 2*l**3 - 2*l**2 - 4*l + 2351. Is k(i) composite?
False
Let a(r) = 16 + 25 - 57 + 1978*r + 11. Is a(1) a prime number?
True
Let v(q) = -q**2 - 15*q - 16. Let o be v(-13). Let m be 0 + o/35 - (-38)/14. Suppose -6*a + m*a = -1506. Is a composite?
True
Suppose -3*d + q + 728951 = 0, 5*d + q = 1559119 - 344222. Is d a composite number?
True
Let m(z) = -z**2 + 9*z - 18. Let a be m(6). Suppose s + a = 3. Suppose -s*c = -10*c + 6349. Is c prime?
True
Let f be (-11)/(-2*4/48). Suppose -14*y = -20*y + f. Suppose y*a - 2032 = 3*a. Is a a prime number?
False
Let q(k) = 22*k**3 - 23*k**2 + 80*k + 30. Is q(27) a composite number?
True
Let a(b) be the second derivative of b**4/3 + 2*b**3/3 + 5*b**2/2 - 21*b. Let u be a(-2). Let y(k) = 28*k + 7. Is y(u) prime?
False
Suppose -2*m - 1101 + 9 = 2*i, 3*i - m = -1630. Let g = 4953 + i. Is g a prime number?
True
Let i(m) = m**3 + 23*m**2 - 8*m - 7 + 11*m - 8. Let z be i(-20). Suppose 3*t + 3*o = z, t = o + o + 387. Is t a composite number?
False
Let u(b) = 449*b**2 - 5*b + 7. Let l be u(2). Let t be -879*(2 + 16/(-3)). Let y = t - l. Is y prime?
False
Let k = -46 + 48. Let m(s) = 88*s - 2. Let f be m(5). Suppose -k*w + f = 16. Is w a composite number?
False
Let w(f) = 25*f**2 - 2*f - 72. Let n be w(-8). Let s be (n/(-12))/((-12)/18). Let a = 359 - s. Is a prime?
False
Let o be 0/2*(-1)/1. Suppose 5*k + b - 16 = o, 7*k = 3*k + 3*b + 28. Is (-3694)/k*-2*(-1)/(-1) composite?
False
Let g(h) be the third derivative of h**5/60 - h**4/12 + 2939*h**3/6 + h**2 + 7. Is g(0) composite?
False
Let t = 97 + -98. Is (-2*(-6873)/(-6))/t a prime number?
False
Let w be (-3)/(-2 - (-2)/4). Suppose 3*p - 11965 = -w*p. Is p prime?
True
Suppose -264*w + 353806 = -262*w. Is w prime?
True
Suppose 598 = 5*c + 2663. Let j = -1835 + c. Is 6/(-60)*6 + j/(-5) composite?
False
Let o(b) = 246721*b**2 - 19*b + 33. Is o(2) composite?
True
Let h = 67 - 46. Suppose -5*r + h = -3*p, -r = 3*r - 12. Is p/16 - 23646/(-112) prime?
True
Let s(r) = -6754*r + 89. Suppose -19*w = 29 + 9. Is s(w) prime?
True
Suppose -3*z = -2*x - 61417, -92*z - 61452 = -95*z - 3*x. Is z a composite number?
False
Is (-2)/(-12 - (-3459804)/288318) prime?
False
Suppose 0 = -3*z - 6 - 39. Is ((-57)/z)/(3/10515) composite?
True
Let q = 438 + -181. Suppose -5*m - 5*u + 1365 = 0, q = m - 4*u + u. Is m a prime number?
True
Let y be (-3893)/4 - (-87)/(-116). Let t = -297 - y. Is t composite?
False
Let z be (-7)/(-42) + 23795/6. Let a = 6320 - z. Suppose -2*n - y = -a - 1271, -3*n + 5427 = 5*y. Is n a prime number?
False
Let w(j) = -5*j - 8. Let t be w(-2). Suppose -t*n - 20 = -12*n. Is 376 + -3 + n - (4 + -6) a composite number?
True
Let a = 40301 + 151860. Is a a prime number?
True
Suppose 2*v - 2 = -r - 1, -5 = r. Suppose -2*h + 14 = 4*n, 42*h + n - 8 = 43*h. Is 2/v - -493*(-7)/h composite?
False
Suppose -4*v = 15*d - 14*d + 39, 5*v + 50 = -d. Let n(x) = 92*x**2 + 9*x - 18. Is n(v) prime?
False
Let k(d) = -413*d**3 + 2*d + 2. Let f = -95 + 98. Suppose b + 3 = 3*i + 3*b, -12 = 3*i - f*b. Is k(i) prime?
False
Suppose 4*m + 5*m = -1566. Let n be (-42)/(-231) + m/(-11). Suppose 0 = n*g - 12*g - 11964. Is g prime?
False
Suppose 5*k + 4*v = 16, v = k - 0*k + 4. Suppose 0 = 4*j - 20, u - 4*u + 4*j + 613 = k. Is u - (6/3 - 2) prime?
True
Let a(m) = m + 5*m**2 + 265*m**3 - 3*m - 264*m**3 - 7. Let i be a(-5). Suppose 3*b + 0*b - 11540 = -s, 0 = i*s + 3. Is b composite?
False
Suppose 0 = -5*f + 5*d + 95, -2*d - 20 = -7*d. Suppose 3*t - 19 = f. Is t*((-420)/(-8) - -4) prime?
False
Suppose 34*f = -40708 + 2243534. Is f prime?
False
Let a(h) = -h**3 + 101*h**2 + 398*h + 85. Is a(88) prime?
True
Let y(r) = -r - 11. Let k be y(-11). Suppose k = 2*l + 3*l - 25. Suppose -1175 - 2880 = -l*n. Is n prime?
True
Let p(k) be the first derivative of 86*k**3/3 + 3*k**2/2 - 2*k + 16. Let d(i) = -i**3 - 3*i**2 + 4*i + 1. Let h be d(-4). Is p(h) a prime number?
False
Suppose -24*i + 45*i + 879081 = 0. Let q = 99418 + i. Is q a prime number?
True
Let n(v) = 20776*v + 1887. Is n(4) a composite number?
False
Suppose 3*x = -2*t + 1699, -14*t + 10627 = 2*x - 1285. Is t a composite number?
True
Suppose 3 = p, -2563 = 5*s + 5*p - 22488. Let x = 1275 + s. Is x a composite number?
True
Let w(y) = -1358*y + 835. Is w(-42) a composite number?
True
Is 119/1547 - (-4611268)/